{"id":2,"date":"2015-03-16T10:03:09","date_gmt":"2015-03-16T09:03:09","guid":{"rendered":"http:\/\/studiodifranco.gdoit.net\/?page_id=2"},"modified":"2018-03-30T11:56:44","modified_gmt":"2018-03-30T09:56:44","slug":"chi-siamo","status":"publish","type":"page","link":"https:\/\/studiodifranco.it\/index.php\/chi-siamo\/","title":{"rendered":"Chi siamo"},"content":{"rendered":"<div id=\"pl-2\"  class=\"panel-layout\" ><div id=\"pg-2-0\"  class=\"panel-grid panel-no-style\" ><div id=\"pgc-2-0-0\"  class=\"panel-grid-cell\" ><div id=\"panel-2-0-0-0\" class=\"so-panel widget widget_black-studio-tinymce widget_black_studio_tinymce panel-first-child\" data-index=\"0\" ><div class=\"textwidget\"><p style=\"text-align: justify;\"><em>Un professionista? Si grazie, ma con l\u2019anima.\u00a0<\/em><br \/>\n<em> E\u2019 quello che trovi nel ns. Studio.<\/em><em><a href=\"https:\/\/i0.wp.com\/studiodifranco.it\/wp-content\/uploads\/2015\/06\/Di-Franco-Bruno-10.jpg\"><img loading=\"lazy\" decoding=\"async\" data-attachment-id=\"143\" data-permalink=\"https:\/\/studiodifranco.it\/index.php\/chi-siamo\/di-franco-bruno-10\/\" data-orig-file=\"https:\/\/i0.wp.com\/studiodifranco.it\/wp-content\/uploads\/2015\/06\/Di-Franco-Bruno-10.jpg?fit=606%2C722&amp;ssl=1\" data-orig-size=\"606,722\" data-comments-opened=\"0\" data-image-meta=\"{&quot;aperture&quot;:&quot;0&quot;,&quot;credit&quot;:&quot;&quot;,&quot;camera&quot;:&quot;&quot;,&quot;caption&quot;:&quot;&quot;,&quot;created_timestamp&quot;:&quot;0&quot;,&quot;copyright&quot;:&quot;&quot;,&quot;focal_length&quot;:&quot;0&quot;,&quot;iso&quot;:&quot;0&quot;,&quot;shutter_speed&quot;:&quot;0&quot;,&quot;title&quot;:&quot;&quot;,&quot;orientation&quot;:&quot;0&quot;}\" data-image-title=\"Di Franco Bruno 1(0)\" data-image-description=\"\" data-image-caption=\"\" data-medium-file=\"https:\/\/i0.wp.com\/studiodifranco.it\/wp-content\/uploads\/2015\/06\/Di-Franco-Bruno-10.jpg?fit=252%2C300&amp;ssl=1\" data-large-file=\"https:\/\/i0.wp.com\/studiodifranco.it\/wp-content\/uploads\/2015\/06\/Di-Franco-Bruno-10.jpg?fit=606%2C722&amp;ssl=1\" data-recalc-dims=\"1\" class=\" wp-image-143 alignright\" src=\"https:\/\/i0.wp.com\/studiodifranco.it\/wp-content\/uploads\/2015\/06\/Di-Franco-Bruno-10-252x300.jpg?resize=223%2C265\" alt=\"Di Franco Bruno 1(0)\" width=\"223\" height=\"265\" srcset=\"https:\/\/i0.wp.com\/studiodifranco.it\/wp-content\/uploads\/2015\/06\/Di-Franco-Bruno-10.jpg?resize=252%2C300&amp;ssl=1 252w, https:\/\/i0.wp.com\/studiodifranco.it\/wp-content\/uploads\/2015\/06\/Di-Franco-Bruno-10.jpg?w=606&amp;ssl=1 606w\" sizes=\"auto, (max-width: 223px) 100vw, 223px\" \/><\/a><\/em><br \/>\n<em> Oltre una competenza specialistica, trovi un\u2019accoglienza umana.<\/em><br \/>\n<em> Chi porta un problema di relazione o di salute, di economia o di lavoro, presenta anche il disagio e\/o la sofferenza che, inevitabilmente, hanno accompagnato quelle difficolt\u00e0.<\/em><br \/>\n<em> Non si pu\u00f2 praticare il solo dato tecnico ed evitare il lato umano.<\/em><br \/>\n<em> Le frustrazioni dei clienti sono frequenti e non immotivate.<\/em><br \/>\n<em> C\u2019\u00e8 il professionista che si relaziona rapido e con freddezza e quello che guarda solo il computer e non incrocia lo sguardo. E quello che, invece di dare spazio all\u2019ascolto, impartisce lezioncine di sapere e di scienza.<\/em><br \/>\n<em> Nel nostro Studio trover\u00e0 sempre chi ha la capacit\u00e0 di ascoltare e spiegare anche i problemi pi\u00f9 complessi attraverso un linguaggio di facile comprensione.<\/em><\/p>\n<\/div><\/div><div id=\"panel-2-0-0-1\" class=\"so-panel widget widget_black-studio-tinymce widget_black_studio_tinymce\" data-index=\"1\" ><h3 class=\"widget-title\">NASCITA ED EVOLUZIONE<\/h3><div class=\"textwidget\"><p>Lo Studio Di Franco pone le sue fondamenta dall'esperienza maturata dal suo titolare presso un'Associazione di categoria tra le pi\u00f9 prestigiose del panorama nazionale.<\/p>\n<p>Esaurita con profitto la precedente soluzione lavorativa e avendo raggiunto ragguardevoli livelli tecnico-professionali, ecco il grande salto nel mondo delle professioni per misurarsi in campo nuovo, avviluppato da molteplici problematiche.<\/p>\n<\/div><\/div><div id=\"panel-2-0-0-2\" class=\"so-panel widget widget_black-studio-tinymce widget_black_studio_tinymce\" data-index=\"2\" ><h3 class=\"widget-title\">INTERVENTO PROFESSIONALE<\/h3><div class=\"textwidget\"><p style=\"text-align: justify;\">L\u2019 intervento professionale si colloca nell'area della consulenza alle imprese con specializzazione nella gestione dei rapporti di lavoro, in linea con l'evoluzione del sistema produttivo.<\/p>\n<p style=\"text-align: justify;\">Il ruolo \u00e8 quello di essere partecipe dei sistemi aziendali riguardanti la gestione del personale, vero fattore strategico di sviluppo dei tempi moderni.<\/p>\n<p style=\"text-align: justify;\">La professionalit\u00e0 e la dedizione al lavoro del titolare si ripropone anche nei collaboratori, che lo affiancano nello svolgimento della professione di Consulente Del Lavoro.<\/p>\n<\/div><\/div><div id=\"panel-2-0-0-3\" class=\"so-panel widget widget_black-studio-tinymce widget_black_studio_tinymce panel-last-child\" data-index=\"3\" ><h3 class=\"widget-title\">OBIETTIVI<\/h3><div class=\"textwidget\"><p style=\"text-align: justify;\">Lo Studio Di Franco vuole rappresentare l\u2019Ufficio del Personale dei suoi clienti.<\/p>\n<p style=\"text-align: justify;\">A caratterizzare il suo operato, un attento e costante affiancamento alle aziende nella gestione dei rapporti di lavoro ed una cura particolare nel coordinarne tutti gli aspetti.<\/p>\n<p style=\"text-align: justify;\">Il contatto diretto con il cliente, realizzato anche attraverso l\u2019invio di circolari e comunicazioni mirate e la conoscenza specifica delle diverse realt\u00e0 aziendali costituiscono un punto di forza nella gestione del rapporto consulente\/azienda.<\/p>\n<p style=\"text-align: justify;\">Lo Studio si pone nell\u2019ottica di valorizzare gli investimenti sulle risorse umane, considerate fattore economico di crescita e valore centrale per le aziende, prestando attenzione, oltre che agli aspetti economici e legislativi, anche agli aspetti psicologici e motivazionali di tutte le professionalit\u00e0 coinvolte.<\/p>\n<p style=\"text-align: justify;\">Per garantire un elevato standard qualitativo viene messa a disposizione del cliente ogni risorsa interna ed esterna, supportata dalla migliore tecnologia.<\/p>\n<p style=\"text-align: justify;\">Con l\u2019obiettivo di fornire al cliente la pi\u00f9 completa ed esaustiva assistenza, lo studio si avvale anche della collaborazione di Avvocati, Commercialisti, Esperti di assicurazione, Notai, Societ\u00e0 di formazione ed esperti del ramo riguardante la sicurezza sul lavoro.<\/p>\n<\/div><\/div><\/div><\/div><div id=\"pg-2-1\"  class=\"panel-grid panel-no-style\" ><div id=\"pgc-2-1-0\"  class=\"panel-grid-cell panel-grid-cell-empty panel-grid-cell-mobile-last\" ><\/div><div id=\"pgc-2-1-1\"  class=\"panel-grid-cell panel-grid-cell-empty\" ><\/div><\/div><\/div>","protected":false},"excerpt":{"rendered":"<p>Un professionista? Si grazie, ma con l\u2019anima.\u00a0 E\u2019 quello che trovi nel ns. Studio. Oltre una competenza specialistica, trovi un\u2019accoglienza umana. Chi porta un problema di relazione o di salute, di economia o di lavoro, presenta anche il disagio e\/o la sofferenza che, inevitabilmente, hanno accompagnato quelle difficolt\u00e0. Non si pu\u00f2 praticare il solo dato [&hellip;]<\/p>\n","protected":false},"author":1,"featured_media":0,"parent":0,"menu_order":0,"comment_status":"closed","ping_status":"closed","template":"","meta":{"footnotes":""},"class_list":["post-2","page","type-page","status-publish","hentry"],"yoast_head":"<!-- This site is optimized with the Yoast SEO plugin v27.1.1 - https:\/\/yoast.com\/product\/yoast-seo-wordpress\/ -->\n<title>Chi siamo - Studio Bruno Di Franco<\/title>\n<meta name=\"robots\" content=\"index, follow, max-snippet:-1, max-image-preview:large, max-video-preview:-1\" \/>\n<link rel=\"canonical\" href=\"https:\/\/studiodifranco.it\/index.php\/chi-siamo\/\" \/>\n<meta property=\"og:locale\" content=\"it_IT\" \/>\n<meta property=\"og:type\" content=\"article\" \/>\n<meta property=\"og:title\" content=\"Chi siamo - Studio Bruno Di Franco\" \/>\n<meta property=\"og:description\" content=\"Un professionista? Si grazie, ma con l\u2019anima.\u00a0 E\u2019 quello che trovi nel ns. Studio. Oltre una competenza specialistica, trovi un\u2019accoglienza umana. Chi porta un problema di relazione o di salute, di economia o di lavoro, presenta anche il disagio e\/o la sofferenza che, inevitabilmente, hanno accompagnato quelle difficolt\u00e0. Non si pu\u00f2 praticare il solo dato [&hellip;]\" \/>\n<meta property=\"og:url\" content=\"https:\/\/studiodifranco.it\/index.php\/chi-siamo\/\" \/>\n<meta property=\"og:site_name\" content=\"Studio Bruno Di Franco\" \/>\n<meta property=\"article:modified_time\" content=\"2018-03-30T09:56:44+00:00\" \/>\n<meta property=\"og:image\" content=\"https:\/\/i1.wp.com\/studiodifranco.it\/wp-content\/uploads\/2015\/06\/Di-Franco-Bruno-10.jpg?resize=223%2C265\" \/>\n<meta name=\"twitter:card\" content=\"summary_large_image\" \/>\n<meta name=\"twitter:label1\" content=\"Tempo di lettura stimato\" \/>\n\t<meta name=\"twitter:data1\" content=\"2 minuti\" \/>\n<script type=\"application\/ld+json\" class=\"yoast-schema-graph\">{\"@context\":\"https:\/\/schema.org\",\"@graph\":[{\"@type\":\"WebPage\",\"@id\":\"https:\/\/studiodifranco.it\/index.php\/chi-siamo\/\",\"url\":\"https:\/\/studiodifranco.it\/index.php\/chi-siamo\/\",\"name\":\"Chi siamo - Studio Bruno Di Franco\",\"isPartOf\":{\"@id\":\"https:\/\/studiodifranco.it\/#website\"},\"primaryImageOfPage\":{\"@id\":\"https:\/\/studiodifranco.it\/index.php\/chi-siamo\/#primaryimage\"},\"image\":{\"@id\":\"https:\/\/studiodifranco.it\/index.php\/chi-siamo\/#primaryimage\"},\"thumbnailUrl\":\"https:\/\/i1.wp.com\/studiodifranco.it\/wp-content\/uploads\/2015\/06\/Di-Franco-Bruno-10.jpg?resize=223%2C265\",\"datePublished\":\"2015-03-16T09:03:09+00:00\",\"dateModified\":\"2018-03-30T09:56:44+00:00\",\"breadcrumb\":{\"@id\":\"https:\/\/studiodifranco.it\/index.php\/chi-siamo\/#breadcrumb\"},\"inLanguage\":\"it-IT\",\"potentialAction\":[{\"@type\":\"ReadAction\",\"target\":[\"https:\/\/studiodifranco.it\/index.php\/chi-siamo\/\"]}]},{\"@type\":\"ImageObject\",\"inLanguage\":\"it-IT\",\"@id\":\"https:\/\/studiodifranco.it\/index.php\/chi-siamo\/#primaryimage\",\"url\":\"https:\/\/i1.wp.com\/studiodifranco.it\/wp-content\/uploads\/2015\/06\/Di-Franco-Bruno-10.jpg?resize=223%2C265\",\"contentUrl\":\"https:\/\/i1.wp.com\/studiodifranco.it\/wp-content\/uploads\/2015\/06\/Di-Franco-Bruno-10.jpg?resize=223%2C265\"},{\"@type\":\"BreadcrumbList\",\"@id\":\"https:\/\/studiodifranco.it\/index.php\/chi-siamo\/#breadcrumb\",\"itemListElement\":[{\"@type\":\"ListItem\",\"position\":1,\"name\":\"Home\",\"item\":\"https:\/\/studiodifranco.it\/\"},{\"@type\":\"ListItem\",\"position\":2,\"name\":\"Chi siamo\"}]},{\"@type\":\"WebSite\",\"@id\":\"https:\/\/studiodifranco.it\/#website\",\"url\":\"https:\/\/studiodifranco.it\/\",\"name\":\"Studio Bruno Di Franco\",\"description\":\"Consulenza del lavoro - Amministrativa - Fiscale - Societaria - Amministrazione del Personale - Elaborazione paghe e contributi\",\"potentialAction\":[{\"@type\":\"SearchAction\",\"target\":{\"@type\":\"EntryPoint\",\"urlTemplate\":\"https:\/\/studiodifranco.it\/?s={search_term_string}\"},\"query-input\":{\"@type\":\"PropertyValueSpecification\",\"valueRequired\":true,\"valueName\":\"search_term_string\"}}],\"inLanguage\":\"it-IT\"}]}<\/script>\n<!-- \/ Yoast SEO plugin. -->","yoast_head_json":{"title":"Chi siamo - Studio Bruno Di Franco","robots":{"index":"index","follow":"follow","max-snippet":"max-snippet:-1","max-image-preview":"max-image-preview:large","max-video-preview":"max-video-preview:-1"},"canonical":"https:\/\/studiodifranco.it\/index.php\/chi-siamo\/","og_locale":"it_IT","og_type":"article","og_title":"Chi siamo - Studio Bruno Di Franco","og_description":"Un professionista? Si grazie, ma con l\u2019anima.\u00a0 E\u2019 quello che trovi nel ns. Studio. Oltre una competenza specialistica, trovi un\u2019accoglienza umana. Chi porta un problema di relazione o di salute, di economia o di lavoro, presenta anche il disagio e\/o la sofferenza che, inevitabilmente, hanno accompagnato quelle difficolt\u00e0. Non si pu\u00f2 praticare il solo dato [&hellip;]","og_url":"https:\/\/studiodifranco.it\/index.php\/chi-siamo\/","og_site_name":"Studio Bruno Di Franco","article_modified_time":"2018-03-30T09:56:44+00:00","og_image":[{"url":"https:\/\/i1.wp.com\/studiodifranco.it\/wp-content\/uploads\/2015\/06\/Di-Franco-Bruno-10.jpg?resize=223%2C265","type":"","width":"","height":""}],"twitter_card":"summary_large_image","twitter_misc":{"Tempo di lettura stimato":"2 minuti"},"schema":{"@context":"https:\/\/schema.org","@graph":[{"@type":"WebPage","@id":"https:\/\/studiodifranco.it\/index.php\/chi-siamo\/","url":"https:\/\/studiodifranco.it\/index.php\/chi-siamo\/","name":"Chi siamo - Studio Bruno Di Franco","isPartOf":{"@id":"https:\/\/studiodifranco.it\/#website"},"primaryImageOfPage":{"@id":"https:\/\/studiodifranco.it\/index.php\/chi-siamo\/#primaryimage"},"image":{"@id":"https:\/\/studiodifranco.it\/index.php\/chi-siamo\/#primaryimage"},"thumbnailUrl":"https:\/\/i1.wp.com\/studiodifranco.it\/wp-content\/uploads\/2015\/06\/Di-Franco-Bruno-10.jpg?resize=223%2C265","datePublished":"2015-03-16T09:03:09+00:00","dateModified":"2018-03-30T09:56:44+00:00","breadcrumb":{"@id":"https:\/\/studiodifranco.it\/index.php\/chi-siamo\/#breadcrumb"},"inLanguage":"it-IT","potentialAction":[{"@type":"ReadAction","target":["https:\/\/studiodifranco.it\/index.php\/chi-siamo\/"]}]},{"@type":"ImageObject","inLanguage":"it-IT","@id":"https:\/\/studiodifranco.it\/index.php\/chi-siamo\/#primaryimage","url":"https:\/\/i1.wp.com\/studiodifranco.it\/wp-content\/uploads\/2015\/06\/Di-Franco-Bruno-10.jpg?resize=223%2C265","contentUrl":"https:\/\/i1.wp.com\/studiodifranco.it\/wp-content\/uploads\/2015\/06\/Di-Franco-Bruno-10.jpg?resize=223%2C265"},{"@type":"BreadcrumbList","@id":"https:\/\/studiodifranco.it\/index.php\/chi-siamo\/#breadcrumb","itemListElement":[{"@type":"ListItem","position":1,"name":"Home","item":"https:\/\/studiodifranco.it\/"},{"@type":"ListItem","position":2,"name":"Chi siamo"}]},{"@type":"WebSite","@id":"https:\/\/studiodifranco.it\/#website","url":"https:\/\/studiodifranco.it\/","name":"Studio Bruno Di Franco","description":"Consulenza del lavoro - Amministrativa - Fiscale - Societaria - Amministrazione del Personale - Elaborazione paghe e contributi","potentialAction":[{"@type":"SearchAction","target":{"@type":"EntryPoint","urlTemplate":"https:\/\/studiodifranco.it\/?s={search_term_string}"},"query-input":{"@type":"PropertyValueSpecification","valueRequired":true,"valueName":"search_term_string"}}],"inLanguage":"it-IT"}]}},"jetpack_sharing_enabled":true,"_links":{"self":[{"href":"https:\/\/studiodifranco.it\/index.php\/wp-json\/wp\/v2\/pages\/2","targetHints":{"allow":["GET"]}}],"collection":[{"href":"https:\/\/studiodifranco.it\/index.php\/wp-json\/wp\/v2\/pages"}],"about":[{"href":"https:\/\/studiodifranco.it\/index.php\/wp-json\/wp\/v2\/types\/page"}],"author":[{"embeddable":true,"href":"https:\/\/studiodifranco.it\/index.php\/wp-json\/wp\/v2\/users\/1"}],"replies":[{"embeddable":true,"href":"https:\/\/studiodifranco.it\/index.php\/wp-json\/wp\/v2\/comments?post=2"}],"version-history":[{"count":12,"href":"https:\/\/studiodifranco.it\/index.php\/wp-json\/wp\/v2\/pages\/2\/revisions"}],"predecessor-version":[{"id":394,"href":"https:\/\/studiodifranco.it\/index.php\/wp-json\/wp\/v2\/pages\/2\/revisions\/394"}],"wp:attachment":[{"href":"https:\/\/studiodifranco.it\/index.php\/wp-json\/wp\/v2\/media?parent=2"}],"curies":[{"name":"wp","href":"https:\/\/api.w.org\/{rel}","templated":true}]}}